 factors of 836197?
719, 1163
What are the prime factors of 2159858?
2, 1079929
List the prime factors of 806953.
7, 115279
What are the prime factors of 1871960?
2, 5, 53, 883
What are the prime factors of 1579532?
2, 331, 1193
What are the prime factors of 34343940?
2, 3, 5, 572399
List the prime factors of 257966.
2, 128983
What are the prime factors of 11765630?
2, 5, 37, 31799
List the prime factors of 248822.
2, 7, 2539
List the prime factors of 5184955.
5, 1036991
What are the prime factors of 423920?
2, 5, 7, 757
List the prime factors of 634316.
2, 347, 457
List the prime factors of 12910072.
2, 7, 17, 71, 191
What are the prime factors of 185374?
2, 7, 13241
What are the prime factors of 20458440?
2, 3, 5, 19, 997
What are the prime factors of 782881?
11, 71171
List the prime factors of 4991308.
2, 7, 178261
What are the prime factors of 3154517?
179, 17623
List the prime factors of 126088.
2, 15761
List the prime factors of 3718967.
7, 531281
List the prime factors of 17697924.
2, 3, 83, 5923
What are the prime factors of 160757?
160757
List the prime factors of 3964525.
5, 158581
What are the prime factors of 6507885?
3, 5, 433859
List the prime factors of 342330.
2, 3, 5, 11411
List the prime factors of 1317649.
43, 30643
What are the prime factors of 43286907?
3, 83, 263, 661
List the prime factors of 133992.
2, 3, 1861
List the prime factors of 554683.
29, 31, 617
List the prime factors of 102294.
2, 3, 5683
What are the prime factors of 6310272?
2, 3, 16433
What are the prime factors of 1825807?
31, 58897
What are the prime factors of 79444?
2, 19861
List the prime factors of 1191053.
19, 62687
List the prime factors of 58393.
58393
What are the prime factors of 369733?
7, 13, 17, 239
List the prime factors of 282371.
23, 12277
What are the prime factors of 220888?
2, 27611
List the prime factors of 120097.
120097
List the prime factors of 692862.
2, 3, 37, 3121
List the prime factors of 486482.
2, 79, 3079
What are the prime factors of 3032952?
2, 3, 13, 9721
What are the prime factors of 2579593?
2579593
List the prime factors of 4679812.
2, 887, 1319
List the prime factors of 506471.
7, 72353
List the prime factors of 397102.
2, 211, 941
List the prime factors of 403139.
11, 67, 547
List the prime factors of 224284.
2, 47, 1193
What are the prime factors of 268975?
5, 7, 29, 53
List the prime factors of 24952963.
7, 29, 122921
What are the prime factors of 2567160?
2, 3, 5, 2377
List the prime factors of 10515442.
2, 7, 751103
List the prime factors of 24676.
2, 31, 199
What are the prime factors of 8668217?
23, 263, 1433
List the prime factors of 619690.
2, 5, 31, 1999
What are the prime factors of 218198?
2, 79, 1381
List the prime factors of 370683.
3, 13729
What are the prime factors of 2067766?
2, 191, 5413
What are the prime factors of 3233675?
5, 129347
List the prime factors of 270292.
2, 11, 6143
List the prime factors of 1153811.
1153811
What are the prime factors of 4815073?
23, 29, 7219
What are the prime factors of 6135245?
5, 101, 12149
List the prime factors of 10755464.
2, 59, 22787
List the prime factors of 63877.
11, 5807
What are the prime factors of 686594?
2, 211, 1627
List the prime factors of 236534.
2, 227, 521
What are the prime factors of 183147?
3, 41, 1489
List the prime factors of 11595836.
2, 7, 17, 1433
List the prime factors of 845658.
2, 3, 11, 4271
What are the prime factors of 943752?
2, 3, 39323
What are the prime factors of 490854?
2, 3, 7, 13, 29, 31
List the prime factors of 53898.
2, 3, 13, 691
List the prime factors of 2396301.
3, 23, 34729
What are the prime factors of 8179501?
11, 743591
List the prime factors of 492538.
2, 383, 643
What are the prime factors of 8296426?
2, 19, 109, 2003
What are the prime factors of 4411394?
2, 13, 383, 443
List the prime factors of 9921595.
5, 1984319
What are the prime factors of 6661055?
5, 709, 1879
What are the prime factors of 294580?
2, 5, 11, 13, 103
List the prime factors of 3545306.
2, 149, 11897
What are the prime factors of 16789133?
1213, 13841
What are the prime factors of 179342?
2, 89671
List the prime factors of 381642.
2, 3, 63607
What are the prime factors of 1375163?
19, 157, 461
What are the prime factors of 9962668?
2, 2490667
What are the prime factors of 294522?
2, 3, 191, 257
What are the prime factors of 498132?
2, 3, 101, 137
List the prime factors of 969672.
2, 3, 11, 3673
List the prime factors of 229065.
3, 5, 15271
What are the prime factors of 516430?
2, 5, 43, 1201
What are the prime factors of 54482?
2, 27241
List the prime factors of 24053.
67, 359
List the prime factors of 176759.
11, 16069
What are the prime factors of 1022306?
2, 511153
What are the prime factors of 30498831?
3, 11, 71, 4339
What are the prime factors of 131605?
5, 26321
What are the prime factors of 837541?
179, 4679
What are the prime factors of 944182?
2, 29, 73, 223
What are the prime factors of 33791425?
5, 683, 1979
What are the prime factors of 13816148?
2, 59, 58543
What are the prime factors of 1390763?
11, 126433
What are the prime factors of 70323?
3, 11, 2131
What are the prime factors of 5979195?
3, 5, 23, 53, 109
What are the prime factors of 7687842?
2, 3, 17, 23, 29, 113
What are the prime factors of 89819?
89819
What are the prime factors of 228153?
3, 59, 1289
What are the prime factors of 657648?
2, 3, 4567
List the prime factors of 728204.
2, 307, 593
What are the prime factors of 5220582?
2, 3, 870097
List the prime factors of 9235365.
3, 5, 31, 19861
List the prime factors of 18129329.
67, 270587
List the prime factors of 1410564.
2, 3, 41, 47, 61
What are the prime factors of 657840?
2, 3, 5, 2741
What are the prime factors of 19280579?
19280579
List the prime factors of 7582968.
2, 3, 105319
What are the prime factors of 409448?
2, 13, 31, 127
What are the prime factors of 10156407?
3, 3385469
What are the prime factors of 33226?
2, 37, 449
What are the prime factors of 2638194?
2, 3, 13, 149, 227
List the prime factors of 6532064.
2, 7, 11, 241
What are the prime factors of 1223996?
2, 305999
List the prime factors of 197517.
3, 65839
List the prime factors of 82753.
11, 7523
What are the prime factors of 8137400?
2, 5, 23, 29, 61
List the prime factors of 159830.
2, 5, 11, 1453
List the prime factors of 2360259.
3, 11, 883
What are the prime factors of 914096?
2, 57131
What are the prime factors of 295980?
2, 3, 5, 4933
List the prime factors of 366199.
366199
List the prime factors of 186984.
2, 3, 7, 53
List the prime factors of 2881602.
2, 3, 17, 43, 73
What are the prime factors of 812359?
812359
List the prime factors of 246794.
2, 123397
List the prime factors of 116758.
2, 58379
List the prime factors of 912605.
5, 37, 4933
List the prime factors of 922816.
2, 14419
List the prime factors of 954800.
2, 5, 7, 11, 31
List the prime factors of 328966.
2, 11, 19, 787
What are the prime factors of 11890825?
5, 31, 67, 229
What are the prime factors of 202793?
17, 79, 151
What are the prime factors of 155394?
2, 3, 89, 97
List the prime factors of 275165.
5, 11, 5003
What are the prime factors of 191059?
11, 1579
What are the prime factors of 688157?
67, 10271
List the prime factors of 85300.
2, 5, 853
List the prime factors of 21662744.
2, 2707843
What are the prime factors of 1717805?
5, 343561
What are the prime factors of 11391649?
17, 670097
List the prime factors of 1089844.
2, 7, 38923
List the prime factors of 6287040.
2, 3, 5, 37, 59
List the prime factors of 1417555.
5, 283511
List the prime factors of 9349511.
9349511
List the prime factors of 1227173.
1227173
List the prime factors of 21162615.
3, 5, 31, 71, 641
What are the prime factors of 309508?
2, 77377
What are the prime factors of 805147?
7, 115021
What are the prime factors of 14864511?
3, 17, 223, 1307
List the prime factors of 181189.
37, 59, 83
What are the prime factors of 2186863?
7, 17, 23, 47
List the prime factors of 352234.
2, 29, 6073
What are the prime factors of 49303?
47, 1049
List the prime factors of 3362618.
2, 7, 181, 1327
What are the prime factors of 1836500?
2, 5, 3673
What are the prime factors of 578368?
2, 7, 1291
What are the prime factors of 151922?
2, 37, 2053
List the prime factors of 59487.
3, 79, 251
What are the p